remainder when 290 is divided by 99.
92
What is the remainder when 1024 is divided by 25?
24
What is the remainder when 88 is divided by 6?
4
What is the remainder when 2854 is divided by 168?
166
What is the remainder when 71 is divided by 27?
17
Calculate the remainder when 1659 is divided by 50.
9
Calculate the remainder when 133 is divided by 112.
21
Calculate the remainder when 74 is divided by 61.
13
Calculate the remainder when 5032 is divided by 18.
10
Calculate the remainder when 4872 is divided by 37.
25
Calculate the remainder when 351 is divided by 88.
87
Calculate the remainder when 420 is divided by 47.
44
Calculate the remainder when 2025 is divided by 674.
3
What is the remainder when 137 is divided by 29?
21
What is the remainder when 259 is divided by 4?
3
What is the remainder when 157 is divided by 80?
77
Calculate the remainder when 1480 is divided by 134.
6
Calculate the remainder when 381 is divided by 99.
84
What is the remainder when 708 is divided by 236?
0
What is the remainder when 1798 is divided by 24?
22
What is the remainder when 4190 is divided by 458?
68
What is the remainder when 836 is divided by 70?
66
What is the remainder when 2073 is divided by 173?
170
What is the remainder when 761 is divided by 51?
47
Calculate the remainder when 51 is divided by 2.
1
What is the remainder when 65 is divided by 38?
27
Calculate the remainder when 56 is divided by 21.
14
What is the remainder when 13290 is divided by 21?
18
Calculate the remainder when 64 is divided by 21.
1
Calculate the remainder when 128 is divided by 47.
34
Calculate the remainder when 513 is divided by 130.
123
What is the remainder when 612 is divided by 264?
84
What is the remainder when 336 is divided by 85?
81
Calculate the remainder when 53 is divided by 15.
8
What is the remainder when 158 is divided by 36?
14
What is the remainder when 146 is divided by 7?
6
Calculate the remainder when 6360 is divided by 172.
168
What is the remainder when 1083 is divided by 157?
141
Calculate the remainder when 72 is divided by 8.
0
What is the remainder when 672 is divided by 184?
120
Calculate the remainder when 1821 is divided by 152.
149
Calculate the remainder when 1061 is divided by 527.
7
Calculate the remainder when 529 is divided by 38.
35
What is the remainder when 197 is divided by 101?
96
Calculate the remainder when 65038 is divided by 40.
38
What is the remainder when 983 is divided by 14?
3
Calculate the remainder when 141 is divided by 50.
41
What is the remainder when 12 is divided by 6?
0
What is the remainder when 1444 is divided by 161?
156
What is the remainder when 874 is divided by 197?
86
Calculate the remainder when 548 is divided by 126.
44
Calculate the remainder when 1119 is divided by 431.
257
What is the remainder when 3525 is divided by 63?
60
Calculate the remainder when 1907 is divided by 18.
17
What is the remainder when 1109 is divided by 288?
245
Calculate the remainder when 789 is divided by 13.
9
What is the remainder when 801 is divided by 394?
13
Calculate the remainder when 66 is divided by 17.
15
What is the remainder when 84 is divided by 48?
36
What is the remainder when 4807 is divided by 8?
7
What is the remainder when 76 is divided by 43?
33
What is the remainder when 3450 is divided by 157?
153
What is the remainder when 748 is divided by 39?
7
Calculate the remainder when 1741 is divided by 70.
61
What is the remainder when 240 is divided by 95?
50
Calculate the remainder when 2393 is divided by 200.
193
Calculate the remainder when 58 is divided by 9.
4
What is the remainder when 202 is divided by 65?
7
Calculate the remainder when 268 is divided by 27.
25
Calculate the remainder when 107 is divided by 58.
49
Calculate the remainder when 2778 is divided by 5.
3
What is the remainder when 2480 is divided by 35?
30
Calculate the remainder when 548 is divided by 190.
168
Calculate the remainder when 517 is divided by 52.
49
What is the remainder when 1626 is divided by 233?
228
What is the remainder when 2278 is divided by 95?
93
Calculate the remainder when 397 is divided by 10.
7
Calculate the remainder when 11522 is divided by 34.
30
What is the remainder when 73762 is divided by 27?
25
Calculate the remainder when 2385 is divided by 82.
7
Calculate the remainder when 17791 is divided by 139.
138
What is the remainder when 280 is divided by 41?
34
Calculate the remainder when 21656 is divided by 285.
281
What is the remainder when 588 is divided by 6?
0
Calculate the remainder when 144 is divided by 67.
10
What is the remainder when 19 is divided by 11?
8
What is the remainder when 337 is divided by 17?
14
What is the remainder when 1312 is divided by 332?
316
What is the remainder when 5538 is divided by 191?
190
What is the remainder when 454 is divided by 12?
10
What is the remainder when 65 is divided by 39?
26
Calculate the remainder when 65 is divided by 52.
13
Calculate the remainder when 223 is divided by 74.
1
Calculate the remainder when 1853 is divided by 53.
51
What is the remainder when 502 is divided by 12?
10
Calculate the remainder when 199 is divided by 101.
98
Calculate the remainder when 8171 is divided by 18.
17
What is the remainder when 200 is divided by 100?
0
Calculate the remainder when 1471 is divided by 40.
31
Calculate the remainder when 2269 is divided by 10.
9
What is the remainder when 6778 is divided by 24?
10
Calculate the remainder when 600 is divided by 121.
116
What is the remainder when 161 is divided by 42?
35
Calculate the remainder when 7062 is divided by 1761.
18
Calculate the remainder when 50 is divided by 17.
16
What is the remainder when 338 is divided by 31?
28
What is the remainder when 1227 is divided by 612?
3
Calculate the remainder when 8132 is divided by 83.
81
What is the remainder when 639 is divided by 90?
9
Calculate the remainder when 2045 is divided by 508.
13
Calculate the remainder when 292 is divided by 100.
92
Calculate the remainder when 1294 is divided by 1287.
7
What is the remainder when 143 is divided by 42?
17
Calculate the remainder when 658 is divided by 11.
9
What is the remainder when 139 is divided by 16?
11
Calculate the remainder when 300 is divided by 51.
45
Calculate the remainder when 997 is divided by 25.
22
What is the remainder when 349 is divided by 4?
1
What is the remainder when 134 is divided by 23?
19
Calculate the remainder when 281 is divided by 53.
16
Calculate the remainder when 1412 is divided by 129.
122
Calculate the remainder when 2869 is divided by 125.
119
What is the remainder when 173 is divided by 16?
13
Calculate the remainder when 968 is divided by 316.
20
What is the remainder when 313 is divided by 2?
1
Calculate the remainder when 143 is divided by 55.
33
Calculate the remainder when 152 is divided by 72.
8
Calculate the remainder when 119 is divided by 35.
14
Calculate the remainder when 48 is divided by 18.
12
Calculate the remainder when 76 is divided by 33.
10
Calculate the remainder when 180 is divided by 41.
16
Calculate the remainder when 146 is divided by 31.
22
What is the remainder when 235 is divided by 118?
117
Calculate the remainder when 3141 is divided by 42.
33
What is the remainder when 14 is divided by 10?
4
What is the remainder when 543 is divided by 32?
31
What is the remainder when 859 is divided by 74?
45
What is the remainder when 1102 is divided by 30?
22
Calculate the remainder when 228 is divided by 10.
8
Calculate the remainder when 182 is divided by 25.
7
What is the remainder when 2781 is divided by 32?
29
Calculate the remainder when 29 is divided by 4.
1
What is the remainder when 999 is divided by 625?
374
What is the remainder when 337 is divided by 75?
37
Calculate the remainder when 314 is divided by 147.
20
Calculate the remainder when 612 is divided by 120.
12
Calculate the remainder when 68 is divided by 10.
8
What is the remainder when 93 is divided by 23?
1
Calculate the remainder when 304 is divided by 31.
25
What is the remainder when 683 is divided by 57?
56
Calculate the remainder when 273 is divided by 254.
19
Calculate the remainder when 584 is divided by 98.
94
Calculate the remainder when 306 is divided by 145.
16
What is the remainder when 11526 is d